ctors of 4254408.
2, 3, 37, 1597
What are the prime factors of 44840?
2, 5, 19, 59
What are the prime factors of 245038?
2, 17, 7207
List the prime factors of 5170667.
5170667
List the prime factors of 248775.
3, 5, 31, 107
What are the prime factors of 34122332?
2, 17, 41, 12239
List the prime factors of 20641862.
2, 10320931
List the prime factors of 83032.
2, 97, 107
What are the prime factors of 11097181?
61, 109, 1669
What are the prime factors of 472047?
3, 157349
List the prime factors of 529982.
2, 264991
List the prime factors of 1274417.
439, 2903
What are the prime factors of 361872?
2, 3, 7, 359
What are the prime factors of 16821?
3, 7, 89
List the prime factors of 573713.
7, 41, 1999
List the prime factors of 7901.
7901
What are the prime factors of 34967?
73, 479
List the prime factors of 183337.
7, 11, 2381
What are the prime factors of 45662?
2, 17, 79
List the prime factors of 311077.
13, 23929
List the prime factors of 231137.
181, 1277
List the prime factors of 1352178.
2, 3, 43, 1747
List the prime factors of 44704.
2, 11, 127
List the prime factors of 34598815.
5, 47, 147229
What are the prime factors of 135990?
2, 3, 5, 1511
List the prime factors of 1547734.
2, 773867
What are the prime factors of 4589544?
2, 3, 191231
List the prime factors of 492100.
2, 5, 7, 19, 37
What are the prime factors of 9547?
9547
What are the prime factors of 16999797?
3, 5666599
What are the prime factors of 10898274?
2, 3, 23, 151, 523
What are the prime factors of 1053461?
1053461
What are the prime factors of 385283?
79, 4877
List the prime factors of 1304005.
5, 41, 6361
What are the prime factors of 354160?
2, 5, 19, 233
What are the prime factors of 1885000?
2, 5, 13, 29
What are the prime factors of 412447?
7, 58921
What are the prime factors of 2320323?
3, 43, 17987
List the prime factors of 1030984.
2, 128873
What are the prime factors of 128925?
3, 5, 191
What are the prime factors of 28416569?
23, 1235503
What are the prime factors of 24963861?
3, 13, 640099
What are the prime factors of 12767886?
2, 3, 19, 37, 1009
List the prime factors of 265003.
265003
List the prime factors of 1748200.
2, 5, 8741
List the prime factors of 292609.
31, 9439
List the prime factors of 13751715.
3, 5, 916781
List the prime factors of 1895073.
3, 179, 3529
List the prime factors of 201111.
3, 43, 1559
List the prime factors of 172772.
2, 47, 919
What are the prime factors of 26795000?
2, 5, 23, 233
List the prime factors of 10797865.
5, 13, 283, 587
What are the prime factors of 5583941?
11, 507631
List the prime factors of 1017177.
3, 7, 48437
What are the prime factors of 276549?
3, 7, 13, 1013
List the prime factors of 611334.
2, 3, 11321
List the prime factors of 4430357.
173, 25609
What are the prime factors of 163431?
3, 6053
List the prime factors of 7055865.
3, 5, 156797
What are the prime factors of 10240314?
2, 3, 7, 61, 571
What are the prime factors of 42469886?
2, 727, 29209
List the prime factors of 268579.
419, 641
List the prime factors of 13693857.
3, 17, 268507
What are the prime factors of 10751199?
3, 29, 191, 647
List the prime factors of 4374626.
2, 383, 5711
What are the prime factors of 70273?
7, 10039
List the prime factors of 20319166.
2, 7, 23, 63103
List the prime factors of 400542.
2, 3, 241, 277
What are the prime factors of 452162?
2, 19, 73, 163
List the prime factors of 4800927.
3, 89, 17981
List the prime factors of 2197233.
3, 17, 4787
What are the prime factors of 4683669?
3, 223, 7001
List the prime factors of 1906081.
137, 13913
What are the prime factors of 2691392?
2, 11, 3823
List the prime factors of 3090127.
3090127
What are the prime factors of 2395932?
2, 3, 7, 11, 2593
What are the prime factors of 62262?
2, 3, 1153
What are the prime factors of 4575786?
2, 3, 31, 73, 337
List the prime factors of 3642873.
3, 13, 93407
What are the prime factors of 19229304?
2, 3, 541, 1481
List the prime factors of 16517591.
17, 401, 2423
List the prime factors of 209231.
11, 23, 827
List the prime factors of 29134176.
2, 3, 157, 1933
List the prime factors of 584334.
2, 3, 3607
What are the prime factors of 15429?
3, 37, 139
What are the prime factors of 46280312?
2, 13, 34231
What are the prime factors of 622301?
622301
List the prime factors of 174149.
174149
List the prime factors of 52919.
52919
What are the prime factors of 6296733?
3, 19, 23, 1601
List the prime factors of 339605.
5, 7, 31, 313
What are the prime factors of 5200475?
5, 7, 29717
List the prime factors of 1144480.
2, 5, 23, 311
List the prime factors of 86660.
2, 5, 7, 619
What are the prime factors of 1311920?
2, 5, 23, 31
List the prime factors of 9840673.
2381, 4133
What are the prime factors of 1949126?
2, 974563
List the prime factors of 783467.
89, 8803
What are the prime factors of 606336?
2, 3, 1579
What are the prime factors of 1727058?
2, 3, 53, 5431
What are the prime factors of 13871228?
2, 7, 495401
What are the prime factors of 22826500?
2, 5, 71, 643
What are the prime factors of 128939?
128939
What are the prime factors of 107785?
5, 21557
List the prime factors of 503804.
2, 7, 19, 947
List the prime factors of 146771.
317, 463
What are the prime factors of 541424?
2, 13, 19, 137
List the prime factors of 3062111.
13, 18119
List the prime factors of 6865832.
2, 53, 16193
What are the prime factors of 20279?
7, 2897
List the prime factors of 268085.
5, 53617
List the prime factors of 8384750.
2, 5, 11, 3049
What are the prime factors of 2274414?
2, 3, 19, 71, 281
What are the prime factors of 809240?
2, 5, 20231
List the prime factors of 8718448.
2, 544903
List the prime factors of 2393017.
11, 19777
What are the prime factors of 1456833?
3, 7, 173, 401
What are the prime factors of 4855255?
5, 971051
What are the prime factors of 23514?
2, 3, 3919
What are the prime factors of 34795792?
2, 47, 46271
What are the prime factors of 430604?
2, 83, 1297
What are the prime factors of 691294?
2, 345647
List the prime factors of 8193623.
8193623
List the prime factors of 10090632.
2, 3, 433, 971
What are the prime factors of 14379809?
14379809
What are the prime factors of 3293270?
2, 5, 19, 17333
What are the prime factors of 48517?
7, 29, 239
List the prime factors of 37786.
2, 7, 2699
List the prime factors of 1501924.
2, 375481
What are the prime factors of 4368457?
131, 33347
What are the prime factors of 195532?
2, 48883
List the prime factors of 1996943.
13, 153611
What are the prime factors of 11049497?
11049497
List the prime factors of 2924087.
2924087
List the prime factors of 199471.
151, 1321
What are the prime factors of 318824?
2, 11, 3623
What are the prime factors of 500217?
3, 166739
What are the prime factors of 213805?
5, 61, 701
What are the prime factors of 27038710?
2, 5, 19, 101, 1409
List the prime factors of 43956.
2, 3, 11, 37
List the prime factors of 2956211.
83, 35617
List the prime factors of 10408236.
2, 3, 23, 43, 877
List the prime factors of 1876785.
3, 5, 125119
List the prime factors of 2723538.
2, 3, 453923
What are the prime factors of 45277?
19, 2383
What are the prime factors of 2378651?
11, 101, 2141
What are the prime factors of 646087?
13, 3823
List the prime factors of 41760.
2, 3, 5, 29
List the prime factors of 27413.
79, 347
What are the prime factors of 32166?
2, 3, 1787
List the prime factors of 135129.
3, 31, 1453
List the prime factors of 177429.
3, 7, 17, 71
What are the prime factors of 13191430?
2, 5, 7, 31, 6079
What are the prime factors of 5803379?
19, 305441
What are the prime factors of 758173?
13, 58321
List the prime factors of 242222.
2, 281, 431
What are the prime factors of 1869882?
2, 3, 7, 211
List the prime factors of 11186620.
2, 5, 313, 1787
What are the prime factors of 377655?
3, 5, 17, 1481
List the prime factors of 419511.
3, 139837
What are the prime factors of 353851?
431, 821
List the prime factors of 953924.
2, 238481
List the prime factors of 167287.
131, 1277
What are the prime factors of 2617359?
3, 872453
What are the prime factors of 2017623?
3, 59, 11399
List the prime factors of 3061611.
3, 7, 97, 167
What are the prime factors of 18410632?
2, 103, 22343
List the prime factors of 296240.
2, 5, 7, 23
List the prime factors of 377048.
2, 7, 6733
List 